 9*m**2 + m - 7. Calculate j(-1).
-8
Let d(n) = 14*n + 36. Calculate d(-14).
-160
Let t(o) = -2*o**2 + 137*o + 1218. What is t(-8)?
-6
Let o(b) = 8*b**2 + 104*b - 115. Give o(-14).
-3
Let l(h) = -4408*h + 74933. Give l(17).
-3
Let l(m) = 64*m**2 + 892*m - 51. Give l(-14).
5
Let j(x) = 2*x**2 - 58*x + 124. Determine j(2).
16
Let g(i) = -3*i**2 + 2*i + 48. What is g(-12)?
-408
Let b(z) = 15*z - 996. Give b(69).
39
Let l(u) = 232*u**2 - 2*u - 4. Calculate l(-1).
230
Let z(v) = -v**2 + 66*v + 178. What is z(67)?
111
Let u(x) = 9*x**2 + 33*x + 19. What is u(-6)?
145
Let i(q) = 4*q**2 + 155*q + 370. Give i(-36).
-26
Let j(o) = 14*o**2 - 2*o. Determine j(-2).
60
Let u(n) = -273*n - 3834. What is u(-14)?
-12
Let o(y) = 2*y**2 + 66*y + 183. Calculate o(-3).
3
Let t(u) = u**3 - 2*u**2 - 3*u + 4. Determine t(-4).
-80
Let z(u) = -6*u**2 + 39*u - 210. Determine z(7).
-231
Let y(w) = -184*w - 1841. Determine y(-10).
-1
Let u(m) = 6*m - 259. What is u(43)?
-1
Let m(u) = -u**3 - 38*u**2 - 38*u + 51. Calculate m(-37).
88
Let f(u) = -155*u - 4923. Determine f(-33).
192
Let h(n) = n**2 + 1151*n - 17494. Give h(15).
-4
Let r(s) = 7*s**2 + 345*s - 295. Determine r(-50).
-45
Let k(m) = -2*m**2 - 67*m + 104. Give k(-36).
-76
Let f(q) = 5*q + 23. Calculate f(10).
73
Let p(n) = -n**3 + 34*n**2 + 36*n - 18. Give p(35).
17
Let v(m) = 15*m + 70. Give v(-8).
-50
Let m(g) = g**2 - 181*g - 4734. Determine m(-22).
-268
Let f(m) = 10*m**3 - 62*m**2 + 75*m - 390. What is f(6)?
-12
Let x(d) = 18*d + 245. Calculate x(-15).
-25
Let u(g) = -17*g + 50. Give u(-4).
118
Let s(j) = -6*j**2 - 9*j + 16. Determine s(-4).
-44
Let u(i) = -i**2 - 33*i - 236. Calculate u(-11).
6
Let g(a) = -56*a**3 + 11*a**2 - 27*a + 15. Give g(1).
-57
Let l(q) = 13*q**3 + 105*q**2 + 8*q - 8. Calculate l(-8).
-8
Let g(s) = 2*s**2 + 41*s - 25. Give g(-24).
143
Let n(k) = -198*k - 2553. Determine n(-13).
21
Let o(w) = 2564*w**2 + 2559*w - 8. What is o(-1)?
-3
Let a(q) = q**3 - 3*q**2 - 20*q - 3. Give a(6).
-15
Let u(d) = d**3 + 119*d**2 + 142*d + 2841. Determine u(-118).
9
Let m(f) = 36*f - 8. Calculate m(1).
28
Let m(n) = -455*n - 1146. Give m(-3).
219
Let q(z) = 20*z**3 + 124*z**2 - 17*z - 36. Calculate q(-6).
210
Let d(h) = -2*h**2 + 358*h + 4171. Calculate d(190).
-9
Let l(c) = c**2 - 130*c + 1158. Give l(11).
-151
Let t(k) = -k**3 + 16*k**2 + 31*k + 240. Determine t(18).
150
Let n(a) = -12*a**2 - 30*a + 305. Calculate n(4).
-7
Let j(s) = -4*s**3 - 587*s**2 + 70*s - 11323. Determine j(-147).
-4
Let h(s) = 19*s - 39. What is h(0)?
-39
Let o(i) = 10*i + 222. Determine o(27).
492
Let c(f) = -f**3 + 51*f**2 - 349*f + 211. What is c(43)?
-4
Let s(m) = -10*m + 48. Calculate s(26).
-212
Let d(r) = r**3 - 108*r**2 + 302*r + 1359. What is d(105)?
-6
Let s(m) = -4*m**3 - m**2 - 20*m + 21. Determine s(1).
-4
Let o(n) = n**2 - 52*n + 526. Calculate o(48).
334
Let m(d) = -336*d - 1749. Determine m(-5).
-69
Let o(w) = -3*w**2 - 6*w + 20. Determine o(-5).
-25
Let w(n) = -6*n + 118. Calculate w(18).
10
Let c(w) = 2*w**3 - 10*w**2 - 3*w - 9. Calculate c(5).
-24
Let p(h) = h**3 - 17*h**2 - 37*h - 11. Give p(19).
8
Let h(m) = -65*m + 256. What is h(4)?
-4
Let q(g) = -g**3 + 25*g**2 + 51*g + 113. What is q(27)?
32
Let a(f) = 822*f - 68228. Give a(83).
-2
Let t(q) = -49*q + 80. Calculate t(4).
-116
Let h(c) = 242*c - 2181. Give h(9).
-3
Let p(x) = 327*x - 7226. Determine p(22).
-32
Let q(y) = y**2 + 12*y + 28. Calculate q(-10).
8
Let b(h) = -166*h - 1313. Calculate b(-8).
15
Let j(x) = -x**3 + 7*x**2 - 11*x + 38. What is j(6)?
8
Let k(j) = -j**3 - 9*j**2 - 28*j + 40. What is k(-7)?
138
Let v(q) = -2*q**3 - 15*q**2 - q + 57. Determine v(-7).
15
Let t(h) = h**2 - 69*h + 686. Calculate t(57).
2
Let j(z) = 489*z**2 + 19071*z - 3. Calculate j(-39).
-3
Let w(l) = l**3 - 29*l**2 + 43*l - 103. Calculate w(27).
-400
Let n(x) = x**2 - 31*x + 284. Calculate n(13).
50
Let q(g) = g**2 + 22*g + 112. What is q(-10)?
-8
Let k(q) = -q**3 - 21*q**2 - 16*q + 67. What is k(-20)?
-13
Let n(j) = 139*j - 1104. Give n(8).
8
Let t(k) = -k**3 - 10*k**2 + 7*k - 9. Calculate t(-12).
195
Let i(y) = 187*y**2 - 5983*y + 42. Give i(32).
74
Let n(s) = 2*s**2 - 91*s + 295. What is n(41)?
-74
Let d(z) = z**2 - 743*z + 110966. What is d(207)?
14
Let j(f) = 4*f**2 + 85*f + 86. Calculate j(-9).
-355
Let r(l) = l**3 + 252*l**2 + 3109*l + 478. Calculate r(-239).
0
Let p(l) = 715*l**2 - 745*l + 30. What is p(1)?
0
Let i(s) = 2*s**3 + 16*s**2 - 33*s + 30. Calculate i(-9).
165
Let q(z) = -1568*z - 1297. Determine q(-1).
271
Let r(i) = 177*i - 4394. Give r(26).
208
Let x(r) = 13*r - 41. Calculate x(-15).
-236
Let b(g) = 29*g - 176. Give b(4).
-60
Let d(t) = -30*t + 797. Determine d(26).
17
Let y(i) = i**2 - 1035*i + 3097. Calculate y(3).
1
Let p(j) = j**3 + 27*j**2 - j + 14. Determine p(-27).
41
Let o(k) = -21*k**3 + k**2 + 5*k - 3. What is o(2)?
-157
Let w(u) = -u**3 - 3*u**2 + 282*u + 1111. Give w(-4).
-1
Let q(j) = j**2 - 2*j - 1. Give q(-3).
14
Let t(k) = -54*k + 1616. Calculate t(30).
-4
Let k(h) = 9*h**2 - 107*h + 81. Calculate k(11).
-7
Let r(b) = 10*b + 1117. Calculate r(-73).
387
Let j(t) = -t**3 - 7*t**2 - 67*t - 361. Calculate j(-6).
5
Let k(j) = 30*j**3 + 7*j**2 + 3*j - 12. Determine k(-2).
-230
Let h(x) = 2*x**2 + 33*x + 30. Determine h(-1).
-1
Let o(n) = n**2 + 10*n - 106. Give o(-16).
-10
Let a(g) = -21*g - 642. What is a(-31)?
9
Let c(k) = -6*k**2 + 223*k + 992. Calculate c(-4).
4
Let f(h) = -2*h**3 - 5*h**2 + 4*h + 28. Give f(-5).
133
Let a(q) = 3*q**2 + 79*q + 85. Calculate a(-18).
-365
Let v(h) = -h**3 + 8*h**2 - 15*h + 11. Calculate v(3).
11
Let k(b) = b**3 - 24*b**2 + 143*b - 23. What is k(13)?
-23
Let t(s) = 5*s**3 - 3*s**2 + 10*s - 7. Give t(1).
5
Let z(g) = -20*g - 131. Give z(-6).
-11
Let c(g) = g**2 + 5*g - 56. Determine c(-5).
-56
Let q(g) = -g**2 - 132*g + 6834. Calculate q(-171).
165
Let o(j) = 152*j + 561. Determine o(-3).
105
Let s(z) = -4090*z + 32731. What is s(8)?
11
Let n(b) = -2131*b + 6390. What is n(3)?
-3
Let z(w) = -14*w + 200. What is z(-15)?
410
Let a(k) = -8*k**2 - 107*k - 318. Give a(-3).
-69
Let k(u) = u**3 - 43*u**2 + 41*u + 42. Give k(42).
0
Let t(k) = 105*k - 1637. Give t(15).
-62
Let f(t) = -t**2 + 49*t - 90. Calculate f(46).
48
Let g(z) = z**3 + 9*z**2 - 1022*z - 8219. What is g(-8)?
21
Let d(h) = -29*h + 215. What is d(-10)?
505
Let g(u) = -u**2 - 114*u - 1012. Give g(-105).
-67
Let k(q) = 39*q + 31. Determine k(-5).
-164
Let o(m) = -59*m**2 - 518*m + 69. Give o(-9).
-48
Let i(g) = -g**2 + 436*g - 873. Calculate i(2).
-5
Let a(s) = -17*s + 72. Give a(5).
-13
Let l(m) = m**3 + 38*m**2 + 55*m + 666. What is l(-37)?
0
Let v(s) = 198*s**3 - s**2 - 2*s + 2. Give v(1).
197
Let u(i) = i**2 + 8*i - 456. Calculate u(16).
-72
Let z(l) = 16*l + 608. What is z(-38)?
0
Let y(s) = -29*s**2 + 5*s - 1. What is y(-3)?
-277
Let q(u) = 439*u + 7463. What is q(-17)?
0
Let w(d) = -433*d**3 + 4*d**2 + 7*d + 7. Determine w(-1).
437
Let k(b) = -55*b + 4162. Calculate k(76).
-18
Let l(z) = -15*z + 472. What is l(32)?
-8
Let b(s) = s**2 - 1200*s - 16994. What is b(-14)?
2
Let q(n) = 43*n + 342. What is q(-5)?
127
Let f(n) = 7*n**3 - 84*n**2 + 3*n - 29. Calculate f(12).
7
Let k(x) = 196*x**2 - 2548*x - 5. Determine k(13).
-5
Let k(o) = -o**2 - 73*o - 445. Give k(-6).
-43
Let r(z) = 89*z - 897. Give r(7).
-274
Let b(o) = 375*o + 5622. Give b(-15).
-3
Let a(x) = -x**2 - 49*x + 71. Give a(-47).
165
Let u(d) = 3247*d + 45465. What is u(-14)?
7
Let q(v) = 5312*v + 37186. Determine q(-7).
2
Let t(f) = 301*f + 6631. Calculate t(-22).
9
Let n(f) = -219*f + 5896. Determine n(27).
-17
Let v(s) = s**3 + s**2 - 19*s - 45. Calculate v(-5).
-50
Let z(d) = -d**3 - 24*d**2 - 110*d - 4. Determine z(-6).
8
Let a(s) = s**2 - 158*s - 2956. Calculate a(-17).
19
Let a(h) = 9*h**2 - 3*h + 12. Give a(2).
42
Let t(s) = s**2 + 84*s + 1832. Calculate t(-66).
644
Let d(b) = b**2 - 380*b - 23899. Calculate d(-55).
26
Let m(n) = -n**3 - 10*n**2 + 3*n + 5. What is m(-3)?
-67
Let m(l) = 7*l**3 - 10*l**2 - 63*l + 4. Determine m(-4).
-352
Let s(r) = -r**3 - 19*r**2 - 81*r + 35. What is s(-12)?
-1
Let s(u) = -1118*u + 27931. Give s(25).
-19
Let k(v) = -v**2 - 13*v + 78. Determine k(-23).
-152
Let u(w) = 19*w - 29. Give u(-8).
-181
Let w(z) = -z**3 - 37*z**2 - 99*z + 23. Deter